{"id":8158,"date":"2025-07-11T18:51:40","date_gmt":"2025-07-11T18:51:40","guid":{"rendered":"https:\/\/heliox-containers.com\/?post_type=product&#038;p=8158"},"modified":"2025-07-11T18:52:52","modified_gmt":"2025-07-11T18:52:52","slug":"piscina-de-fabricacion-ecologica-en-composite-a-base-de-madera-y-resina-plastica","status":"publish","type":"product","link":"https:\/\/heliox-containers.com\/index.php\/product\/piscina-de-fabricacion-ecologica-en-composite-a-base-de-madera-y-resina-plastica\/","title":{"rendered":"Piscina de fabricaci\u00f3n ecol\u00f3gica en composite a base de madera y resina pl\u00e1stica"},"content":{"rendered":"<p><strong>Recomendaciones para el ahorro del agua:<\/strong><\/p>\n<ul>\n<li>El uso\u00a0de una cubierta isot\u00e9rmica\u00a0durante la\u00a0temporada alta supone un\u00a050% menos de evaporaci\u00f3n de agua.<\/li>\n<li>El uso de una cubierta de invierno durante el resto del a\u00f1o supone un 95% menos de evaporaci\u00f3n de agua.<\/li>\n<li>El filtro ecol\u00f3gico AQUALOON necesita menor frecuencia de lavado.<\/li>\n<li>El uso de un filtro de cartucho reduce el consumo de agua hasta un 90% en cada lavado, comparado con los filtros de arena.<\/li>\n<li>Un tratamiento adecuado a partir de electr\u00f3lisis salina o productos qu\u00edmicos minimiza la renovaci\u00f3n del agua.<\/li>\n<li>Un producto adecuado para el invierno facilitar\u00e1 su puesta en marcha evitando vaciarla.<\/li>\n<li>Detecta fugas y aver\u00edas.<\/li>\n<li>Instala un dep\u00f3sito de agua para compensar las p\u00e9rdidas por el efecto de evaporaci\u00f3n.<\/li>\n<\/ul>\n<div>\n<p>&nbsp;<\/p>\n<div>\n<div>\n<p><strong>Clasificaci\u00f3n del producto:<\/strong><\/p>\n<\/div>\n<p>Este producto se encuentra en la categor\u00eda Piscinas: peque\u00f1as , modernas, prefabricadas, de composite, rectangulares, de color gris, de profundidad baja (menos de 100 cm).<\/p><\/div>\n<\/div>\n","protected":false},"excerpt":{"rendered":"<ul>\n<li>Piscina rectangular peque\u00f1a de\u00a0la serie Avantgarde de Gre.<\/li>\n<li>Para instalaci\u00f3n sobre superficie plana o encastrada.<\/li>\n<li>Fabricaci\u00f3n ecol\u00f3gica en\u00a0composite, a base de madera, resina pl\u00e1stica y aditivos con carga mineral.<\/li>\n<li>Posee una capa interior Liner PVC de acabado gris con\u00a0protecci\u00f3n de rayos ultravioleta, previniendo el desgaste y otorgando mayor durabilidad.<\/li>\n<li>Las dimensiones de la piscina son de 186 cm de ancho, 96 cm de alto (profundidad) y\u00a0326 cm de\u00a0fondo (es necesaria para su instalaci\u00f3n una superficie de 386 cm de ancho x 526 cm de fondo (largo).<\/li>\n<li>Su capacidad m\u00e1xima es de 3300 litros.<\/li>\n<li>Cuenta con dos escaleras, una interior de acero inoxidable, y una exterior de composite.<\/li>\n<li>Perfiler\u00eda y embellecedores construidos de aluminio.<\/li>\n<li>Incluye un filtro depurador de arena con\u00a0caudal de 4 m\u00b3\/h, y una manta de poli\u00e9ster protectora.<\/li>\n<li>Se entrega\u00a0en paquete de 130 cm de ancho x 60 cm de alto x 170 cm de fondo.<\/li>\n<li><strong>Se entrega desmontada. No incluye herramientas de montaje ni adhesivos.<\/strong><\/li>\n<\/ul>\n","protected":false},"featured_media":8288,"comment_status":"open","ping_status":"closed","template":"","meta":{"_acf_changed":false},"product_brand":[],"product_cat":[218],"product_tag":[],"class_list":{"0":"post-8158","1":"product","2":"type-product","3":"status-publish","4":"has-post-thumbnail","6":"product_cat-contenedores-piscina","8":"first","9":"instock","10":"sale","11":"shipping-taxable","12":"purchasable","13":"product-type-simple"},"acf":[],"jetpack_sharing_enabled":true,"_links":{"self":[{"href":"https:\/\/heliox-containers.com\/index.php\/wp-json\/wp\/v2\/product\/8158","targetHints":{"allow":["GET"]}}],"collection":[{"href":"https:\/\/heliox-containers.com\/index.php\/wp-json\/wp\/v2\/product"}],"about":[{"href":"https:\/\/heliox-containers.com\/index.php\/wp-json\/wp\/v2\/types\/product"}],"replies":[{"embeddable":true,"href":"https:\/\/heliox-containers.com\/index.php\/wp-json\/wp\/v2\/comments?post=8158"}],"version-history":[{"count":1,"href":"https:\/\/heliox-containers.com\/index.php\/wp-json\/wp\/v2\/product\/8158\/revisions"}],"predecessor-version":[{"id":8289,"href":"https:\/\/heliox-containers.com\/index.php\/wp-json\/wp\/v2\/product\/8158\/revisions\/8289"}],"wp:featuredmedia":[{"embeddable":true,"href":"https:\/\/heliox-containers.com\/index.php\/wp-json\/wp\/v2\/media\/8288"}],"wp:attachment":[{"href":"https:\/\/heliox-containers.com\/index.php\/wp-json\/wp\/v2\/media?parent=8158"}],"wp:term":[{"taxonomy":"product_brand","embeddable":true,"href":"https:\/\/heliox-containers.com\/index.php\/wp-json\/wp\/v2\/product_brand?post=8158"},{"taxonomy":"product_cat","embeddable":true,"href":"https:\/\/heliox-containers.com\/index.php\/wp-json\/wp\/v2\/product_cat?post=8158"},{"taxonomy":"product_tag","embeddable":true,"href":"https:\/\/heliox-containers.com\/index.php\/wp-json\/wp\/v2\/product_tag?post=8158"}],"curies":[{"name":"wp","href":"https:\/\/api.w.org\/{rel}","templated":true}]}}