{"id":8027,"date":"2025-07-11T18:50:49","date_gmt":"2025-07-11T18:50:49","guid":{"rendered":"https:\/\/heliox-containers.com\/?post_type=product&#038;p=8027"},"modified":"2025-07-11T18:52:16","modified_gmt":"2025-07-11T18:52:16","slug":"contenedor-piscina-2","status":"publish","type":"product","link":"https:\/\/heliox-containers.com\/index.php\/product\/contenedor-piscina-2\/","title":{"rendered":"CONTENEDOR PISCINA"},"content":{"rendered":"<p>Garant\u00eda:<\/p>\n<p>1 a\u00f1o<\/p>\n<p>Servicio postventa:<\/p>\n<p>Soporte t\u00e9cnico en l\u00ednea, formaci\u00f3n in situ, piezas de repuesto gratuitas<\/p>\n<p>Aplicaci\u00f3n:<\/p>\n<p>Piscina<\/p>\n<p>Lugar de origen:<\/p>\n<p>Sichuan, China<\/p>\n<p>Marca:<\/p>\n<p>HYsoleil<\/p>\n<p>Utilizar:<\/p>\n<p>Piscina<\/p>\n<p>Tipo de producto:<\/p>\n<p>Casas de contenedores<\/p>\n<p>Estilo de dise\u00f1o:<\/p>\n<p>Moderno<\/p>\n<p>&nbsp;<\/p>\n<p class=\"selectable-text copyable-text x15bjb6t x1n2onr6\" dir=\"ltr\"><span class=\"selectable-text copyable-text\">Dimensiones de la piscina<\/span><\/p>\n<p class=\"selectable-text copyable-text x15bjb6t x1n2onr6\" dir=\"ltr\"><span class=\"selectable-text copyable-text\">Dimensiones exteriores \u2013 6,06 mx 2,44 mx 1,65 m<\/span><\/p>\n<p class=\"selectable-text copyable-text x15bjb6t x1n2onr6\" dir=\"ltr\"><span class=\"selectable-text copyable-text\">Dimensiones internas \u2013 4,75 mx 2,1 mx 1,35 m<\/span><\/p>\n<p class=\"selectable-text copyable-text x15bjb6t x1n2onr6\" dir=\"ltr\"><span class=\"selectable-text copyable-text\">Profundidad del agua aproximadamente 1,2 m , 1,5m ,1,7m , 2m , 2,5 m (Ajustable seg\u00fan la elecci\u00f3n del cliente )<\/span><\/p>\n<p dir=\"ltr\">\n<p>El volumen de agua (m\u00b3):<\/p>\n<p>45m\u00b3<\/p>\n<p>Tiempo de ciclo (h):<\/p>\n<p>3h<\/p>\n<p>Caudal circular (m\u00b3\/h):<\/p>\n<p>15,6 m\u00b3\/hora<\/p>\n<p>Velocidad del filtro de cilindro de arena (m\u00b3\/h):<\/p>\n<p>V650 15,6 m3\/h *1<\/p>\n<p>Medios filtrantes:<\/p>\n<p>Arena de s\u00edlice<\/p>\n<p>Tasa de filtraci\u00f3n:<\/p>\n<p>Velocidad intermedia<\/p>\n<p>Velocidad de dise\u00f1o del filtro (m\u00b3\/h):<\/p>\n<p>15,6 m3\/hora<\/p>\n<p>Presi\u00f3n de dise\u00f1o de la tuber\u00eda de circulaci\u00f3n:<\/p>\n<p>0,4 MPa<\/p>\n<p>Dise\u00f1o de soporte vertical:<\/p>\n<p>1,7T\/m2<\/p>\n<p>Capacidad de la soluci\u00f3n del proyecto:<\/p>\n<p>Dise\u00f1o gr\u00e1fico, dise\u00f1o de modelos 3D, soluci\u00f3n total para proyectos<\/p>\n<p>N\u00famero de modelo:<\/p>\n<p>HY-G<\/p>\n","protected":false},"excerpt":{"rendered":"<p>Garant\u00eda: 1 a\u00f1o Servicio postventa: Soporte t\u00e9cnico en l\u00ednea, formaci\u00f3n in situ, piezas de repuesto gratuitas Aplicaci\u00f3n: Piscina Lugar de origen: Sichuan, China Marca: HYsoleil Utilizar: Piscina Tipo de producto:<\/p>\n","protected":false},"featured_media":8228,"comment_status":"open","ping_status":"closed","template":"","meta":{"_acf_changed":false},"product_brand":[],"product_cat":[218],"product_tag":[],"class_list":{"0":"post-8027","1":"product","2":"type-product","3":"status-publish","4":"has-post-thumbnail","6":"product_cat-contenedores-piscina","8":"first","9":"instock","10":"sale","11":"shipping-taxable","12":"purchasable","13":"product-type-simple"},"acf":[],"jetpack_sharing_enabled":true,"_links":{"self":[{"href":"https:\/\/heliox-containers.com\/index.php\/wp-json\/wp\/v2\/product\/8027","targetHints":{"allow":["GET"]}}],"collection":[{"href":"https:\/\/heliox-containers.com\/index.php\/wp-json\/wp\/v2\/product"}],"about":[{"href":"https:\/\/heliox-containers.com\/index.php\/wp-json\/wp\/v2\/types\/product"}],"replies":[{"embeddable":true,"href":"https:\/\/heliox-containers.com\/index.php\/wp-json\/wp\/v2\/comments?post=8027"}],"version-history":[{"count":1,"href":"https:\/\/heliox-containers.com\/index.php\/wp-json\/wp\/v2\/product\/8027\/revisions"}],"predecessor-version":[{"id":8229,"href":"https:\/\/heliox-containers.com\/index.php\/wp-json\/wp\/v2\/product\/8027\/revisions\/8229"}],"wp:featuredmedia":[{"embeddable":true,"href":"https:\/\/heliox-containers.com\/index.php\/wp-json\/wp\/v2\/media\/8228"}],"wp:attachment":[{"href":"https:\/\/heliox-containers.com\/index.php\/wp-json\/wp\/v2\/media?parent=8027"}],"wp:term":[{"taxonomy":"product_brand","embeddable":true,"href":"https:\/\/heliox-containers.com\/index.php\/wp-json\/wp\/v2\/product_brand?post=8027"},{"taxonomy":"product_cat","embeddable":true,"href":"https:\/\/heliox-containers.com\/index.php\/wp-json\/wp\/v2\/product_cat?post=8027"},{"taxonomy":"product_tag","embeddable":true,"href":"https:\/\/heliox-containers.com\/index.php\/wp-json\/wp\/v2\/product_tag?post=8027"}],"curies":[{"name":"wp","href":"https:\/\/api.w.org\/{rel}","templated":true}]}}